 - 19 - (-5 + 1).
-1
Calculate (-2 + 5 - 4) + -15 + 7.
-9
Calculate -10 - (7 - 8 - 2).
-7
What is (-3 - 1) + 4 + -4?
-4
What is 2 - (7 + -3) - (2 - 1)?
-3
What is the value of -4 - (-2 - (1 + 1 - 3))?
-3
What is 1 + 2 - (-3 - -5 - -6)?
-5
Evaluate (-1 - -3) + (27 - 35).
-6
-3 - -1 - -5 - 4 - -5
4
What is 1 - (3 - 17 - -8)?
7
Evaluate 3 + (3 - 1) - (-9 - -14).
0
Calculate -1 - -3 - (1 + (1 - 2)).
2
What is the value of (-6 - ((-12 - -7) + -1)) + 2?
2
(3 - -12) + -11 + -8
-4
Calculate -1 - (6 + -3) - -4.
0
What is -10 + 15 + -5 + -3?
-3
What is the value of 0 + -1 - (-1 + -2)?
2
Evaluate 5 + -3 + 2 - (-7 - -16).
-5
Evaluate -1 + 2 + (-4 - 1) + -3.
-7
Calculate -4 + (32 + -38 - (0 - 6)).
-4
What is the value of -5 - -4 - (2 + (4 - 7))?
0
(1 + 4 - (-1 + 1)) + -3
2
-3 - 1 - (2 + -1 + 0)
-5
What is (2 - (1 + -1)) + (-52 - -54)?
4
Evaluate 6 - (-4 + 16) - (-2 - 2).
-2
9 + (1 - 11) + -6
-7
Calculate 10 - 8 - (5 - 1).
-2
What is the value of 2 - -5 - (11 - 3)?
-1
2 - 11 - (75 + -75)
-9
What is the value of 0 - -5 - (25 - 16)?
-4
13 + -15 + 0 + 2
0
(-1 - -1) + (-2 - 2)
-4
5 + (3 + -17 - -4) + 2
-3
What is the value of 3 + (2 - (3 + 6 - 0))?
-4
What is 10 - (7 + 1 - 3)?
5
What is the value of (-2 - (-5 - 0)) + (-5 - -5)?
3
-2 - (0 + -2) - (0 + 3)
-3
0 + -2 - (-1 + -4 - -8)
-5
What is the value of 3 + -6 + 1 + -3?
-5
What is the value of 3 + (-2 - 5 - -3) - -3?
2
11 + -17 + (-2 - (-5 + 2))
-5
Evaluate (-6 - 2 - 3) + 3.
-8
-4 + (6 - (0 + 0)) - 5
-3
Evaluate 0 + (-2 - (1 + -3)) + 2.
2
What is 0 + -2 + 8 + -3?
3
What is -77 - -71 - (3 - 2)?
-7
What is the value of 5 - (-9 - (-8 + 4) - -6)?
4
What is -42 - -40 - (2 - -1 - 0)?
-5
What is the value of 39 + -49 - (-2 - 3)?
-5
(9 - 8) + 6 + 0 + -1
6
Evaluate -9 - -2 - (36 + -36).
-7
What is 0 + (-3 - -2) + -12 + 18?
5
What is the value of (6 - (-2 - -1)) + -1 + -2?
4
What is 5 + -2 + -13 + 1 + 8?
-1
Calculate 3 + (-7 - 3) - -5.
-2
What is the value of 1 + (1 - 2) + 0?
0
0 - ((-5 - 1) + -12 + 15)
3
(3 + -11 - -4) + (2 - 2)
-4
(2 - (1 + -2)) + 15 + -16
2
What is the value of 2 + -2 + 7 - (-4 + 7)?
4
What is the value of -5 + -4 + (6 - (3 - 4))?
-2
8 - 18 - (-3 + -1)
-6
What is -8 - (3 + (6 - 16))?
-1
Evaluate -10 + (-9 - -7) + 10.
-2
Evaluate -5 + -6 + 18 + -5.
2
Calculate 0 + 1 - (101 - 103).
3
Calculate 6 - (8 - (4 + 0)) - -1.
3
10 + -6 + (-4 - 7 - 0)
-7
Calculate -8 - (-5 - -12 - (-3 - -19)).
1
Evaluate 4 - 6 - (0 + 1).
-3
What is 2 - (3 - (7 + -3))?
3
What is (-5 - -2) + -3 - (-4 + -10)?
8
Calculate (2 - (-2 + 3 + -3)) + 1.
5
Evaluate -1 + -3 - (-4 + (1 - -4)).
-5
Calculate -6 + (27 - 27) + (1 - 0).
-5
Calculate -3 - (0 + 5 + -8).
0
Calculate 5 - 11 - (-6 + (-8 - -5)).
3
What is the value of 0 - (4 - (2 + 3))?
1
What is 0 + 2 - (-8 + 14)?
-4
Evaluate 3 - -4 - (1 - -1) - 11.
-6
(1 - 0) + 1 + (-23 - -18)
-3
Evaluate (-59 - -67) + -12 + 2.
-2
Calculate 6 + -9 + 9 - 5.
1
Calculate -3 + (-9 - -6) + (-1 - -8).
1
-4 - (-4 + 5 - 12) - 2
5
What is the value of (-1 - -2 - -1) + 65 + -65?
2
Calculate 1 + (-1 - 1 - -3).
2
What is the value of -2 + -2 - -1 - (-6 + 9)?
-6
Evaluate -1 + -4 - -6 - 4.
-3
2 - 1 - (-1 - 0)
2
Evaluate 0 + -1 - (4 + -5 - 2).
2
Calculate -1 + 3 + 1 + -13 + 15.
5
Calculate (5 - (0 - (3 + -4))) + -1.
3
0 + -3 + (-1 - -2) + 4
2
Evaluate (1 - -1) + (-32 - -31).
1
What is the value of 9 - 8 - (1 - 0)?
0
What is the value of -3 + 2 - (7 - (-5 + 8))?
-5
Calculate (2 - (5 - 5)) + -3 - 1.
-2
What is the value of -2 + -1 + 8 - 10?
-5
Evaluate (7 + 2 - (6 - 4)) + -4.
3
Evaluate 0 + 0 + (50 - 50).
0
Evaluate 11 - (4 + -11 + 10).
8
Calculate -30 + 16 - (-17 + 6).
-3
What is -2 - 2 - (-15 + 14)?
-3
Calculate 0 + 0 + (-1 - -2).
1
-2 - (6 - (1 + 3))
-4
Evaluate -2 - (7 + -6 + 3).
-6
8 - (6 - 2 - -13)
-9
What is the value of -7 - 0 - -1 - -9?
3
What is the value of 17 - 1 - ((11 - -10) + -14)?
9
Evaluate -7 + -1 + 0 + 5.
-3
What is the value of 1 + -5 + 6 + -3 + 2?
1
What is the value of (12 - 0) + -3 + -10 + 5?
4
What is the value of 2 + (0 - -5) - 3?
4
What is 23 + -21 - (-3 + (0 - 5))?
10
What is the value of 4 - (-2 - (4 - 6))?
4
Evaluate -4 - (-6 + 3 - 2).
1
What is 18 + -7 + 6 + -11?
6
Evaluate 2 + (5 - (4 + -1)).
4
Calculate -8 + 6 + (1 - (-4 - -5)).
-2
-4 + (-1 - (-3 - 0)) + -1
-3
Calculate 1 - -4 - (-22 - -29).
-2
What is 3 + -4 + 5 + -6 + 3?
1
What is -7 + 7 + (0 - 1)?
-1
Calculate -2 + 1 - (2 + -3).
0
What is the value of -3 + 2 + 3 - 2 - -3?
3
Evaluate -3 - 3 - -3 - -6 - 1.
2
Calculate 14 + (-29 - -8) + (0 - -3).
-4
((1 - 0) + 0 - 4) + 3
0
Evaluate 5 + (-7 - (-1 + -1)).
0
Calculate 4 + -3 - (11 - 11) - 2.
-1
What is -1 - (-6 + 3 + 0) - 6?
-4
Calculate -5 + 2 + 0 + 4.
1
Calculate 1 + -8 - (0 + -1 + -4).
-2
1 + -8 - 2 - -4
-5
Evaluate 11 - (0 + 8) - -1.
4
What is (-3 - -2 - -2) + -2?
-1
Evaluate 8 - (3 - 6 - -13).
-2
-3 + 2 - (-5 + 1)
3
What is 9 - (-12 - -11 - -11)?
-1
Evaluate -1 + -9 + 4 - -2.
-4
Calculate -6 + -5 + 6 + 12.
7
What is (-4 - -9) + 1 - 11?
-5
What is the value of 6 - (10 - -5 - 4) - 0?
-5
10 + -10 - (0 - 3)
3
Calculate -4 + -9 + 4 - -4.
-5
Evaluate 2 + 13 + -1 + -9.
5
What is the value of -2 - (4 + -15 + 5)?
4
-1 + 2 - (6 + -4 + -4)
3
Calculate -3 - (-3 + 4 + (-7 - 1)).
4
Calculate 2 - 1 - 0 - (21 + -15).
-5
What is -6 - 0 - (-5 - (-7 - -3))?
-5
What is the value of -5 + (1 + 3 - -1 - 0)?
0
What is the value of (1 - 0) + (-15 - -18)?
4
What is -5 + (3 - (-6 - (1 + 3)))?
8
What is 10 + (5 + -13 - -5)?
7
-6 - -4 - (13 - 13)
-2
Evaluate -2 - -1 - (-35 - -31).
3
Evaluate (1 - 2) + -4 + 6.
1
What is the value of 2 - (-2 + 13 + -3 + -2)?
-4
What is (-4 - -6) + (-2 - -3 - 1)?
2
What is the value of -12 + -5 + 15 + (2 - -2)?
2
Calculate -10 + 1 + 5 - -4.
0
What is -6 + -9 + 17 + -4?
-2
Evaluate -1 - (11 + -14) - -1.
3
Evaluate 3 - (-8 - (-14 + 6)) - -6.
9
Evaluate 4 + (-4 - (-2 - -8)).
-6
Evaluate 0 - 6 - -8 - 4.
-2
Evaluate -3 - (0 + -3) - (6 - 7).
1
What is 0 + 5 + (5 + -4 - 6)?
0
What is -25 + 20 + (6 - 1)?
0
Evaluate -1 - (-2 - -5) - -2 - -3.
1
Calculate (7 - 2) + -2 - (3 - 4).
4
Calculate 2 - (1 + 3 + -7 + 5).
0
0 + 0 + (3 - (1 - 2))
4
What is -3 - (-4 + 2) - (-7 + 7)?
-1
Calculate 3 - (1 + -3 + 3) - 3.
-1
Calculate -1 - (1 - 7 - -1).
4
What is the value of 3 + (6 + -9 - -2) - 5?
-3
3 + 2 + -2 + -7
-4
7 - (4 + -9 - -9)
3
What is 10 - (-2 + 5 + 1) - 2?
4
What is 3 + (-1 - 1) + 0 - 3?
-2
What is the value of (7 - 0) + 7 + -13?
1
Calculate -10 + (15 - 13) + (7 - 1).
-2
Calculate (-5 + -2 - 3) + -6 - -8.
-8
Calculate (-10 + 1 - -4) + 1.
-4
3 - (1 - (-2 - (-6 + 3)))
3
What is -5 + 0 + (-4 - -3) - -5?
-1
Calculate (1 - 2) + -8 + 11 + 0.
2
Evaluate 6 + (-4 - -1) + -6.
-3
Evaluate -7 + (-3 - (-13 + 10)).
-7
What is (-4 - -4) + 0 + (0 - -4)?
4
Calculate 1 + -4 + (6 - 4) + -4.
-5
What is -3 + 5 + -3 - (-2 + 2)?
-1
What is -6 - (0 + -8 + -2)?
4
What is 3 + -1 + (-9 + -2 - -4)?
-5
What is 0 - (5 - 1) - 1?
-5
What is the value of (-5 - (0 + 1)) + 9?
3
What is the value of -79 + 76 + (7 - 1)?
3
Evaluate (-13 - -1) + 10 + -4 + 0.
-6
3 - (7 + (2 - 6))
0
Evaluate -1 + (6 - (-6 + 6)).
5
What is 5 + -3 - (0 + 2)?
0
Calculate -2 + -1 + -7 + 15.
5
Evaluate 3 - (7 + (-2 - -1 - 3)).
0
Calculate 4 + (0 - 8) + -2 + 1.
-5
What is (-11 - (-2 - 10)) + 7 + -2?
6
Calculate 10 - (2 + 4) - 6.
-2
Evaluate -2 + (0 - 1) + -4 + 6.
-1
Calculate 6 + 0 + -4 + (-3 - -5).
4
3 + (1 - (-1 - (2 - 3)))
4
What is 2 + (1 - 11) + 5?
-3
Calculate 13 + (-6 - (5 - -5)).
-3
Evaluate 3 + 1 + (-3 - 5).
-4
(1 - 1) + (-9 - (-15 + 10))
-4
-9 + 9 + -9 + 0
-9
What is -4 + -14 + 8 + 15?
5
Evaluate (-3 - (-1 + 1)) + 5 + 1.
3
Evaluate (11 - 10) + -1 + -1 + 0.
-1
What is -4 + 0 + 6 + (0 - -1)?
3
What is -1 + 4 - (6 + 4)?
-7
What is the value of 24 + -11 + (-7 - 1)?
5
0 + 2 - 5 - 2
-5
(-3 - -6 - 7) + 9
5
What is the value of 3 - (-19 + 14 - -12)?
-4
-12 + -5 + 9 - (2 + -6)
-4
Calculate 7 + (7 - (3 + (0 - 0))).
11
What is the value of (1 - -1) + -2 + (6 - 4)?
2
Evaluate -3 + (-3 - -8 - (-10 + 13)).
-1
What is the value of (-4 - -1 - 4) + (-23 - -30)?
0
Calculate -2 + -3 + (1 + -3 - -3).
-4
What is 3 + -6 - (-2 - -4)?
-5
1 + (-2 - (3 + -2 + -2))
0
Evaluate -8 - (-2 + 3 + -4).
-5
Calculate -12 + 7 - 3 - -8.
0
What is -6 + 8 - (0 + -1)?
3
Calculate 13 + -17 - (-1 - -1).
-4
Evaluate 1 + (-8 + 0 - 2).
-9
Calculate -33 + 26 - (0 + -2).
-5
What is 1 + 1 + (-